{"id":2130,"date":"2025-07-09T22:22:40","date_gmt":"2025-07-09T22:22:40","guid":{"rendered":"https:\/\/dsantana.uas.edu.mx\/?page_id=2130"},"modified":"2025-07-09T22:26:03","modified_gmt":"2025-07-09T22:26:03","slug":"microsoft","status":"publish","type":"page","link":"https:\/\/dsantana.uas.edu.mx\/index.php\/microsoft\/","title":{"rendered":"Microsoft"},"content":{"rendered":"\t\t<div data-elementor-type=\"wp-page\" data-elementor-id=\"2130\" class=\"elementor elementor-2130\">\n\t\t\t\t<div class=\"elementor-element elementor-element-3f874379 e-flex e-con-boxed wpr-particle-no wpr-jarallax-no wpr-parallax-no wpr-sticky-section-no wpr-equal-height-no elementor-invisible e-con e-parent\" data-id=\"3f874379\" data-element_type=\"container\" data-e-type=\"container\" data-settings=\"{&quot;animation&quot;:&quot;fadeInDown&quot;}\">\n\t\t\t\t\t<div class=\"e-con-inner\">\n\t\t\t\t\t\t<div class=\"premium-shape-divider__shape-container\" id=\"premium-shape-divider-7582fbd\" style=\"visibility:hidden; position: absolute; opacity:0;\">\n\t\t\t\t\t<svg xmlns='http:\/\/www.w3.org\/2000\/svg' aria-hidden='true' width='1000' height='100' preserveAspectRatio='none' viewBox='0 0 1000 100'><defs><style>.premium-sh-cls-2{opacity:.33;}.premium-sh-cls-2,.premium-sh-cls-3{isolation:isolate;}.premium-sh-cls-3{opacity:.66;}<\/style><\/defs><path class='premium-sh-cls-2' d='m527,32.7c203.9-88.3,263.1,34,320.3,0,86.7-51.8,152.7,7.6,152.7,7.6v59.7H0v-59.7S62.1,14.2,94.9,11c32.8-3.3,62.8,12.3,75.8,22.1,23.3,17.3,84,58.2,134.4,62.2s202.5-54.3,221.9-62.6Z'\/><path class='premium-sh-cls-3' d='m266,32.7c45.5,0,77.2,23.2,129.1,39.1,28.6,8.7,150.3,10.1,254-39.1,103.7-49.2,91.7,34.4,149.2,0,86-51,201.7,27.5,201.7,27.5v39.8H0v-36.5s28.2,18.5,92.1,18.5c97.7-.1,132.2-49.3,173.9-49.3Z'\/><path class='premium-sh-cls-1' d='m233.9,71.1c200,57.5,266-65.5,395.1-19.5,129,46.6,129,43,186.2,27.8,56.8-15.2,52.5-24.3,94.9-31.9,61.3-11.2,89.9,52.5,89.9,52.5H0s9.9-40.9,83.6-48.1,86.8,1.1,150.3,19.2Z'\/><\/svg>\t\t\t\t<\/div>\n\t\t\t<div class=\"elementor-element elementor-element-7582fbd e-con-full premium-shape-divider-yes premium-shape5 e-flex premium-shape-divider__default premium-shape-divider-anime-yes premium-sh-no-stretch-yes wpr-particle-no wpr-jarallax-no wpr-parallax-no wpr-sticky-section-no wpr-equal-height-no e-con e-child\" data-id=\"7582fbd\" data-element_type=\"container\" data-e-type=\"container\">\n\t\t\t\t<div class=\"elementor-element elementor-element-e3caef6 elementor-widget elementor-widget-eael-fancy-text\" data-id=\"e3caef6\" data-element_type=\"widget\" data-e-type=\"widget\" data-widget_type=\"eael-fancy-text.default\">\n\t\t\t\t<div class=\"elementor-widget-container\">\n\t\t\t\t\t\n\t<div  class=\"eael-fancy-text-container style-1\" data-fancy-text-id=\"e3caef6\" data-fancy-text=\"|\u00a1Bienvenido al espacio de Debian|de mi sito web acad\u00e9mico!.\" data-fancy-text-transition-type=\"typing\" data-fancy-text-speed=\"50\" data-fancy-text-delay=\"2500\" data-fancy-text-cursor=\"yes\" data-fancy-text-loop=\"yes\" data-fancy-text-action=\"page_load\" >\n\t\t\n\t\t\n\t\t\t\t\t<span id=\"eael-fancy-text-e3caef6\" class=\"eael-fancy-text-strings solid-color\">\n\t\t\t\t<noscript>\n\t\t\t\t\t\u00a1Bienvenido al espacio de Debian, de mi sito web acad\u00e9mico!.\t\t\t\t<\/noscript>\n\t\t\t<\/span>\n\t\t\n\t\t\t<\/div><!-- close .eael-fancy-text-container -->\n\n\t<div class=\"clearfix\"><\/div>\n\n\t\t\t\t\t<\/div>\n\t\t\t\t<\/div>\n\t\t\t\t<div class=\"elementor-element elementor-element-fcb0469 elementor-widget elementor-widget-text-editor\" data-id=\"fcb0469\" data-element_type=\"widget\" data-e-type=\"widget\" data-widget_type=\"text-editor.default\">\n\t\t\t\t<div class=\"elementor-widget-container\">\n\t\t\t\t\t\t\t\t\t<p>Me complace enormemente tenerte aqu\u00ed. Este es un espacio donde la\u00a0<strong>creatividad, el aprendizaje y la innovaci\u00f3n<\/strong>\u00a0se encuentran bajo el entorno de\u00a0<strong>Microsoft Windows<\/strong>. Ya seas un principiante curioso o un profesional en busca de perfeccionar tus habilidades, estos talleres est\u00e1n dise\u00f1ados para ofrecerte una experiencia\u00a0<strong>enriquecedora, pr\u00e1ctica y orientada al mundo real<\/strong>.<\/p><h3>En esta secci\u00f3n encontrar\u00e1s una variedad de talleres enfocados en:<\/h3><p>\ud83d\udd27\u00a0<strong>Instalaci\u00f3n y configuraci\u00f3n de Windows 10\/11<\/strong><br \/>Aprende a instalar, configurar y optimizar sistemas Windows para distintos entornos: personal, acad\u00e9mico o empresarial.<\/p><p>\ud83c\udf10\u00a0<strong>Configuraci\u00f3n de redes en Windows<\/strong><br \/>Domina la asignaci\u00f3n de direcciones IP est\u00e1ticas, configuraci\u00f3n de adaptadores de red, y resoluci\u00f3n de problemas de conectividad.<\/p><p>\ud83d\udda5\ufe0f\u00a0<strong>Administraci\u00f3n de sistemas Windows<\/strong><br \/>Gestiona usuarios, grupos, permisos, pol\u00edticas de seguridad y tareas administrativas usando herramientas como el Panel de Control, PowerShell y la Consola de Administraci\u00f3n.<\/p><p>\ud83d\udee1\ufe0f\u00a0<strong>Seguridad en Windows<\/strong><br \/>Protege tus sistemas con firewalls, antivirus, BitLocker, pol\u00edticas de grupo (GPOs) y buenas pr\u00e1cticas de seguridad.<\/p><p>\ud83d\uddc2\ufe0f\u00a0<strong>Servicios y servidores en Windows<\/strong><br \/>Configura y administra servicios como Active Directory, DNS, DHCP, IIS (Internet Information Services), y comparte recursos en red.<\/p><p>\ud83d\udce6\u00a0<strong>Virtualizaci\u00f3n y contenedores en Windows<\/strong><br \/>Explora Hyper-V para crear m\u00e1quinas virtuales y aprende a usar Windows Subsystem for Linux (WSL) y Docker Desktop para entornos de desarrollo modernos.<\/p><p>\ud83e\uddf0\u00a0<strong>Automatizaci\u00f3n con PowerShell<\/strong><br \/>Automatiza tareas administrativas, despliegue de software y gesti\u00f3n de sistemas con scripts de PowerShell.<\/p><hr \/><p>Explora los talleres, participa activamente y no dudes en compartir tus ideas y preguntas. Estoy aqu\u00ed para apoyarte en cada paso de tu viaje de aprendizaje.<\/p><p>\ud83c\udfaf\u00a0<strong>\u00a1Vamos a crear, administrar y aprender juntos en el mundo de Windows!<\/strong><\/p>\t\t\t\t\t\t\t\t<\/div>\n\t\t\t\t<\/div>\n\t\t\t\t<\/div>\n\t\t\t\t\t<\/div>\n\t\t\t\t<\/div>\n\t\t<div class=\"elementor-element elementor-element-15a28fd e-flex e-con-boxed wpr-particle-no wpr-jarallax-no wpr-parallax-no wpr-sticky-section-no wpr-equal-height-no elementor-invisible e-con e-parent\" data-id=\"15a28fd\" data-element_type=\"container\" data-e-type=\"container\" data-settings=\"{&quot;animation&quot;:&quot;fadeInUp&quot;}\">\n\t\t\t\t\t<div class=\"e-con-inner\">\n\t\t\t\t\t\t<div class=\"premium-shape-divider__shape-container\" id=\"premium-shape-divider-e9348de\" style=\"visibility:hidden; position: absolute; opacity:0;\">\n\t\t\t\t\t<svg xmlns='http:\/\/www.w3.org\/2000\/svg' aria-hidden='true' width='1000' height='100' preserveAspectRatio='none' viewBox='0 0 1000 100'><defs><style>.premium-sh-cls-2{opacity:.33;}.premium-sh-cls-2,.premium-sh-cls-3{isolation:isolate;}.premium-sh-cls-3{opacity:.66;}<\/style><\/defs><path class='premium-sh-cls-2' d='m527,32.7c203.9-88.3,263.1,34,320.3,0,86.7-51.8,152.7,7.6,152.7,7.6v59.7H0v-59.7S62.1,14.2,94.9,11c32.8-3.3,62.8,12.3,75.8,22.1,23.3,17.3,84,58.2,134.4,62.2s202.5-54.3,221.9-62.6Z'\/><path class='premium-sh-cls-3' d='m266,32.7c45.5,0,77.2,23.2,129.1,39.1,28.6,8.7,150.3,10.1,254-39.1,103.7-49.2,91.7,34.4,149.2,0,86-51,201.7,27.5,201.7,27.5v39.8H0v-36.5s28.2,18.5,92.1,18.5c97.7-.1,132.2-49.3,173.9-49.3Z'\/><path class='premium-sh-cls-1' d='m233.9,71.1c200,57.5,266-65.5,395.1-19.5,129,46.6,129,43,186.2,27.8,56.8-15.2,52.5-24.3,94.9-31.9,61.3-11.2,89.9,52.5,89.9,52.5H0s9.9-40.9,83.6-48.1,86.8,1.1,150.3,19.2Z'\/><\/svg>\t\t\t\t<\/div>\n\t\t\t<div class=\"elementor-element elementor-element-e9348de e-con-full premium-shape-divider-yes premium-shape5 e-flex premium-shape-divider__default premium-shape-divider-anime-yes premium-sh-no-stretch-yes wpr-particle-no wpr-jarallax-no wpr-parallax-no wpr-sticky-section-no wpr-equal-height-no e-con e-child\" data-id=\"e9348de\" data-element_type=\"container\" data-e-type=\"container\">\n\t\t\t\t<div class=\"elementor-element elementor-element-ae40033 elementor-grid-eael-col-4 elementor-grid-tablet-eael-col-2 elementor-grid-mobile-eael-col-1 elementor-widget elementor-widget-eael-post-grid\" data-id=\"ae40033\" data-element_type=\"widget\" data-e-type=\"widget\" data-settings=\"{&quot;eael_post_grid_columns&quot;:&quot;eael-col-4&quot;,&quot;eael_post_grid_columns_tablet&quot;:&quot;eael-col-2&quot;,&quot;eael_post_grid_columns_mobile&quot;:&quot;eael-col-1&quot;}\" data-widget_type=\"eael-post-grid.default\">\n\t\t\t\t<div class=\"elementor-widget-container\">\n\t\t\t\t\t<div id=\"eael-post-grid-ae40033\" class=\"eael-post-grid-container\">\n            <div class=\"eael-post-grid eael-post-appender eael-post-appender-ae40033 eael-post-grid-style-one\" data-layout-mode=\"masonry\"><article class=\"eael-grid-post  eael-post-grid-column eael-pg-post-2154 category-docencia-microsoft-seguridad-talleres-sistemas-operativos-talleres\" data-id=\"2154\">\n        <div class=\"eael-grid-post-holder\">\n            <div class=\"eael-grid-post-holder-inner\"><div class=\"eael-entry-media\"><div class=\"eael-entry-overlay fade-in\"><i class=\"fas fa-long-arrow-alt-right\" aria-hidden=\"true\"><\/i><a href=\"https:\/\/dsantana.uas.edu.mx\/index.php\/2025\/07\/09\/acceso-y-uso-de-zenmap-para-visualizacion-grafica\/\"><\/a><\/div><div class=\"eael-entry-thumbnail eael-image-ratio\">\n                <img decoding=\"async\" width=\"300\" height=\"163\" src=\"https:\/\/dsantana.uas.edu.mx\/wp-content\/uploads\/2025\/07\/image-1-300x163.png\" class=\"attachment-medium size-medium wp-image-2162\" alt=\"\" srcset=\"https:\/\/dsantana.uas.edu.mx\/wp-content\/uploads\/2025\/07\/image-1-300x163.png 300w, https:\/\/dsantana.uas.edu.mx\/wp-content\/uploads\/2025\/07\/image-1-1024x555.png 1024w, https:\/\/dsantana.uas.edu.mx\/wp-content\/uploads\/2025\/07\/image-1-768x416.png 768w, https:\/\/dsantana.uas.edu.mx\/wp-content\/uploads\/2025\/07\/image-1-1536x832.png 1536w, https:\/\/dsantana.uas.edu.mx\/wp-content\/uploads\/2025\/07\/image-1.png 1920w\" sizes=\"(max-width: 300px) 100vw, 300px\" \/>\n            <\/div>\n        <\/div><div class=\"eael-entry-wrapper\"><header class=\"eael-entry-header\"><h2 class=\"eael-entry-title\"><a class=\"eael-grid-post-link\" href=\"https:\/\/dsantana.uas.edu.mx\/index.php\/2025\/07\/09\/acceso-y-uso-de-zenmap-para-visualizacion-grafica\/\" title=\"\ud83e\udded Acceso y Uso de Zenmap para Visualizaci\u00f3n Gr\u00e1fica\">\ud83e\udded Acceso y Uso de Zenmap para Visualizaci\u00f3n Gr\u00e1fica<\/a><\/h2><\/header><div class=\"eael-entry-content\">\n                        <div class=\"eael-grid-post-excerpt\"><p>\ud83c\udfaf \u00bfQu\u00e9 es Zenmap? Zenmap&nbsp;es la interfaz gr\u00e1fica oficial de&nbsp;Nmap, dise\u00f1ada para facilitar el uso de esta herramienta de escaneo de redes. Permite a los usuarios visualizar gr\u00e1ficamente los resultados...<\/p><a href=\"https:\/\/dsantana.uas.edu.mx\/index.php\/2025\/07\/09\/acceso-y-uso-de-zenmap-para-visualizacion-grafica\/\" class=\"eael-post-elements-readmore-btn\">Leer m\u00e1s<\/a><\/div>\n                    <\/div><div class=\"eael-entry-footer\"><div class=\"eael-entry-meta\"><span class=\"eael-posted-on\"><time datetime=\"9 julio 2025\">9 julio 2025<\/time><\/span><\/div><\/div><\/div><\/div>\n        <\/div>\n    <\/article><article class=\"eael-grid-post  eael-post-grid-column eael-pg-post-2142 category-docencia-microsoft-seguridad-talleres-sistemas-operativos-talleres\" data-id=\"2142\">\n        <div class=\"eael-grid-post-holder\">\n            <div class=\"eael-grid-post-holder-inner\"><div class=\"eael-entry-media\"><div class=\"eael-entry-overlay fade-in\"><i class=\"fas fa-long-arrow-alt-right\" aria-hidden=\"true\"><\/i><a href=\"https:\/\/dsantana.uas.edu.mx\/index.php\/2025\/07\/09\/taller-mejorado-exploracion-de-redes-con-nmap-en-windows\/\"><\/a><\/div><div class=\"eael-entry-thumbnail eael-image-ratio\">\n                <img fetchpriority=\"high\" decoding=\"async\" width=\"300\" height=\"169\" src=\"https:\/\/dsantana.uas.edu.mx\/wp-content\/uploads\/2025\/07\/Nmap-Commands-300x169.jpg\" class=\"attachment-medium size-medium wp-image-2149\" alt=\"\" srcset=\"https:\/\/dsantana.uas.edu.mx\/wp-content\/uploads\/2025\/07\/Nmap-Commands-300x169.jpg 300w, https:\/\/dsantana.uas.edu.mx\/wp-content\/uploads\/2025\/07\/Nmap-Commands.jpg 664w\" sizes=\"(max-width: 300px) 100vw, 300px\" \/>\n            <\/div>\n        <\/div><div class=\"eael-entry-wrapper\"><header class=\"eael-entry-header\"><h2 class=\"eael-entry-title\"><a class=\"eael-grid-post-link\" href=\"https:\/\/dsantana.uas.edu.mx\/index.php\/2025\/07\/09\/taller-mejorado-exploracion-de-redes-con-nmap-en-windows\/\" title=\"\ud83e\udded Exploraci\u00f3n de Redes con Nmap en Windows\">\ud83e\udded Exploraci\u00f3n de Redes con Nmap en Windows<\/a><\/h2><\/header><div class=\"eael-entry-content\">\n                        <div class=\"eael-grid-post-excerpt\"><p>\ud83c\udfaf Objetivo General Capacitar a los participantes en el uso de Nmap en entornos Windows para realizar an\u00e1lisis de red, detecci\u00f3n de servicios y evaluaci\u00f3n de seguridad, aplicando buenas pr\u00e1cticas...<\/p><a href=\"https:\/\/dsantana.uas.edu.mx\/index.php\/2025\/07\/09\/taller-mejorado-exploracion-de-redes-con-nmap-en-windows\/\" class=\"eael-post-elements-readmore-btn\">Leer m\u00e1s<\/a><\/div>\n                    <\/div><div class=\"eael-entry-footer\"><div class=\"eael-entry-meta\"><span class=\"eael-posted-on\"><time datetime=\"9 julio 2025\">9 julio 2025<\/time><\/span><\/div><\/div><\/div><\/div>\n        <\/div>\n    <\/article><article class=\"eael-grid-post  eael-post-grid-column eael-pg-post-2143 category-docencia-microsoft-seguridad-talleres-sistemas-operativos-talleres\" data-id=\"2143\">\n        <div class=\"eael-grid-post-holder\">\n            <div class=\"eael-grid-post-holder-inner\"><div class=\"eael-entry-media\"><div class=\"eael-entry-overlay fade-in\"><i class=\"fas fa-long-arrow-alt-right\" aria-hidden=\"true\"><\/i><a href=\"https:\/\/dsantana.uas.edu.mx\/index.php\/2025\/07\/09\/manual-de-comandos-nmap\/\"><\/a><\/div><div class=\"eael-entry-thumbnail eael-image-ratio\">\n                <img decoding=\"async\" width=\"300\" height=\"168\" src=\"https:\/\/dsantana.uas.edu.mx\/wp-content\/uploads\/2025\/07\/nmap-300x168.png\" class=\"attachment-medium size-medium wp-image-2144\" alt=\"\" srcset=\"https:\/\/dsantana.uas.edu.mx\/wp-content\/uploads\/2025\/07\/nmap-300x168.png 300w, https:\/\/dsantana.uas.edu.mx\/wp-content\/uploads\/2025\/07\/nmap.png 696w\" sizes=\"(max-width: 300px) 100vw, 300px\" \/>\n            <\/div>\n        <\/div><div class=\"eael-entry-wrapper\"><header class=\"eael-entry-header\"><h2 class=\"eael-entry-title\"><a class=\"eael-grid-post-link\" href=\"https:\/\/dsantana.uas.edu.mx\/index.php\/2025\/07\/09\/manual-de-comandos-nmap\/\" title=\"\ud83e\udded Manual de Comandos Nmap\">\ud83e\udded Manual de Comandos Nmap<\/a><\/h2><\/header><div class=\"eael-entry-content\">\n                        <div class=\"eael-grid-post-excerpt\"><p>1. Introducci\u00f3n Nmap (Network Mapper) es una herramienta de c\u00f3digo abierto para escaneo de redes y auditor\u00eda de seguridad. Permite descubrir hosts, servicios, sistemas operativos y vulnerabilidades en una red....<\/p><a href=\"https:\/\/dsantana.uas.edu.mx\/index.php\/2025\/07\/09\/manual-de-comandos-nmap\/\" class=\"eael-post-elements-readmore-btn\">Leer m\u00e1s<\/a><\/div>\n                    <\/div><div class=\"eael-entry-footer\"><div class=\"eael-entry-meta\"><span class=\"eael-posted-on\"><time datetime=\"9 julio 2025\">9 julio 2025<\/time><\/span><\/div><\/div><\/div><\/div>\n        <\/div>\n    <\/article><article class=\"eael-grid-post  eael-post-grid-column eael-pg-post-2125 category-docencia-microsoft-sistemas-operativos-talleres\" data-id=\"2125\">\n        <div class=\"eael-grid-post-holder\">\n            <div class=\"eael-grid-post-holder-inner\"><div class=\"eael-entry-media\"><div class=\"eael-entry-overlay fade-in\"><i class=\"fas fa-long-arrow-alt-right\" aria-hidden=\"true\"><\/i><a href=\"https:\/\/dsantana.uas.edu.mx\/index.php\/2025\/07\/08\/guia-completa-de-comandos-de-la-consola-de-windows-funciones-usos-y-clasificacion-por-categorias\/\"><\/a><\/div><div class=\"eael-entry-thumbnail eael-image-ratio\">\n                <img loading=\"lazy\" decoding=\"async\" width=\"300\" height=\"300\" src=\"https:\/\/dsantana.uas.edu.mx\/wp-content\/uploads\/2025\/07\/A-visually-engaging-digital-illustration-representing-a-Windows-command-line-interface-CMD-with-a--300x300.png\" class=\"attachment-medium size-medium wp-image-2126\" alt=\"\" srcset=\"https:\/\/dsantana.uas.edu.mx\/wp-content\/uploads\/2025\/07\/A-visually-engaging-digital-illustration-representing-a-Windows-command-line-interface-CMD-with-a--300x300.png 300w, https:\/\/dsantana.uas.edu.mx\/wp-content\/uploads\/2025\/07\/A-visually-engaging-digital-illustration-representing-a-Windows-command-line-interface-CMD-with-a--150x150.png 150w, https:\/\/dsantana.uas.edu.mx\/wp-content\/uploads\/2025\/07\/A-visually-engaging-digital-illustration-representing-a-Windows-command-line-interface-CMD-with-a-.png 1024w\" sizes=\"(max-width: 300px) 100vw, 300px\" \/>\n            <\/div>\n        <\/div><div class=\"eael-entry-wrapper\"><header class=\"eael-entry-header\"><h2 class=\"eael-entry-title\"><a class=\"eael-grid-post-link\" href=\"https:\/\/dsantana.uas.edu.mx\/index.php\/2025\/07\/08\/guia-completa-de-comandos-de-la-consola-de-windows-funciones-usos-y-clasificacion-por-categorias\/\" title=\"\ud83e\udded\u00a0Gu\u00eda Completa de Comandos de la Consola de Windows: Funciones, Usos y Clasificaci\u00f3n por Categor\u00edas\">\ud83e\udded\u00a0Gu\u00eda Completa de Comandos de la Consola de Windows: Funciones, Usos y Clasificaci\u00f3n por Categor\u00edas<\/a><\/h2><\/header><div class=\"eael-entry-content\">\n                        <div class=\"eael-grid-post-excerpt\"><p>\ud83d\udcc1&nbsp;Gesti\u00f3n de archivos y directorios Comando Importancia Escenario recomendado cd Navegar entre carpetas Acceder a una carpeta espec\u00edfica para trabajar con sus archivos dir Ver contenido de una carpeta Confirmar...<\/p><a href=\"https:\/\/dsantana.uas.edu.mx\/index.php\/2025\/07\/08\/guia-completa-de-comandos-de-la-consola-de-windows-funciones-usos-y-clasificacion-por-categorias\/\" class=\"eael-post-elements-readmore-btn\">Leer m\u00e1s<\/a><\/div>\n                    <\/div><div class=\"eael-entry-footer\"><div class=\"eael-entry-meta\"><span class=\"eael-posted-on\"><time datetime=\"8 julio 2025\">8 julio 2025<\/time><\/span><\/div><\/div><\/div><\/div>\n        <\/div>\n    <\/article><article class=\"eael-grid-post  eael-post-grid-column eael-pg-post-341 category-debian-docencia-linux-microsoft-seguridad-sistemas-operativos-talleres\" data-id=\"341\">\n        <div class=\"eael-grid-post-holder\">\n            <div class=\"eael-grid-post-holder-inner\"><div class=\"eael-entry-media\"><div class=\"eael-entry-overlay fade-in\"><i class=\"fas fa-long-arrow-alt-right\" aria-hidden=\"true\"><\/i><a href=\"https:\/\/dsantana.uas.edu.mx\/index.php\/2020\/05\/27\/analizadores-de-red-y-sniffers-para-microsoft-windows-y-linux\/\"><\/a><\/div><div class=\"eael-entry-thumbnail eael-image-ratio\">\n                <img loading=\"lazy\" decoding=\"async\" width=\"300\" height=\"169\" src=\"https:\/\/dsantana.uas.edu.mx\/wp-content\/uploads\/2020\/05\/1-2-300x169.png\" class=\"attachment-medium size-medium wp-image-349\" alt=\"\" srcset=\"https:\/\/dsantana.uas.edu.mx\/wp-content\/uploads\/2020\/05\/1-2-300x169.png 300w, https:\/\/dsantana.uas.edu.mx\/wp-content\/uploads\/2020\/05\/1-2-1024x578.png 1024w, https:\/\/dsantana.uas.edu.mx\/wp-content\/uploads\/2020\/05\/1-2-768x433.png 768w, https:\/\/dsantana.uas.edu.mx\/wp-content\/uploads\/2020\/05\/1-2-750x423.png 750w, https:\/\/dsantana.uas.edu.mx\/wp-content\/uploads\/2020\/05\/1-2.png 1097w\" sizes=\"(max-width: 300px) 100vw, 300px\" \/>\n            <\/div>\n        <\/div><div class=\"eael-entry-wrapper\"><header class=\"eael-entry-header\"><h2 class=\"eael-entry-title\"><a class=\"eael-grid-post-link\" href=\"https:\/\/dsantana.uas.edu.mx\/index.php\/2020\/05\/27\/analizadores-de-red-y-sniffers-para-microsoft-windows-y-linux\/\" title=\"Analizadores de red y Sniffers para Microsoft Windows y Linux\">Analizadores de red y Sniffers para Microsoft Windows y Linux<\/a><\/h2><\/header><div class=\"eael-entry-content\">\n                        <div class=\"eael-grid-post-excerpt\"><p>\u00bfQu\u00e9 es un Sniffer? Un&nbsp;sniffer&nbsp;es una&nbsp;aplicaci\u00f3n&nbsp;especial para&nbsp;redes inform\u00e1ticas, que permite como tal capturar los paquetes que viajan por una red. Este es el concepto m\u00e1s sencillo que podemos dar al...<\/p><a href=\"https:\/\/dsantana.uas.edu.mx\/index.php\/2020\/05\/27\/analizadores-de-red-y-sniffers-para-microsoft-windows-y-linux\/\" class=\"eael-post-elements-readmore-btn\">Leer m\u00e1s<\/a><\/div>\n                    <\/div><div class=\"eael-entry-footer\"><div class=\"eael-entry-meta\"><span class=\"eael-posted-on\"><time datetime=\"27 mayo 2020\">27 mayo 2020<\/time><\/span><\/div><\/div><\/div><\/div>\n        <\/div>\n    <\/article><\/div>\n            <div class=\"clearfix\"><\/div>\n        <\/div>\t\t\t\t<\/div>\n\t\t\t\t<\/div>\n\t\t\t\t<\/div>\n\t\t\t\t\t<\/div>\n\t\t\t\t<\/div>\n\t\t\t\t<\/div>\n\t\t","protected":false},"excerpt":{"rendered":"<p>\u00a1Bienvenido al espacio de Debian, de mi sito web acad\u00e9mico!. Me complace enormemente tenerte aqu\u00ed. Este es un espacio donde la\u00a0creatividad, el aprendizaje y la innovaci\u00f3n\u00a0se encuentran bajo el entorno de\u00a0Microsoft Windows. Ya seas un principiante curioso o un profesional en busca de perfeccionar tus habilidades, estos talleres est\u00e1n dise\u00f1ados para ofrecerte una experiencia\u00a0enriquecedora, pr\u00e1ctica y orientada al mundo real. En esta secci\u00f3n encontrar\u00e1s una variedad de talleres enfocados en: \ud83d\udd27\u00a0Instalaci\u00f3n y configuraci\u00f3n de Windows 10\/11Aprende a instalar, configurar y optimizar sistemas Windows para distintos entornos: personal, acad\u00e9mico o empresarial. \ud83c\udf10\u00a0Configuraci\u00f3n de redes en WindowsDomina la asignaci\u00f3n de direcciones IP est\u00e1ticas, configuraci\u00f3n de adaptadores de red, y resoluci\u00f3n de problemas de conectividad. \ud83d\udda5\ufe0f\u00a0Administraci\u00f3n de sistemas WindowsGestiona usuarios, grupos, permisos, pol\u00edticas de seguridad y tareas administrativas usando herramientas como el Panel de Control, PowerShell y la Consola de Administraci\u00f3n. \ud83d\udee1\ufe0f\u00a0Seguridad en WindowsProtege tus sistemas con firewalls, antivirus, BitLocker, pol\u00edticas de grupo (GPOs) y buenas pr\u00e1cticas de seguridad. \ud83d\uddc2\ufe0f\u00a0Servicios y servidores en WindowsConfigura y administra servicios como Active Directory, DNS, DHCP, IIS (Internet Information Services), y comparte recursos en red. \ud83d\udce6\u00a0Virtualizaci\u00f3n y contenedores en WindowsExplora Hyper-V para crear m\u00e1quinas virtuales y aprende a usar Windows Subsystem for Linux (WSL) y Docker Desktop para entornos de desarrollo modernos. \ud83e\uddf0\u00a0Automatizaci\u00f3n con PowerShellAutomatiza tareas administrativas, despliegue de software y gesti\u00f3n de sistemas con scripts de PowerShell. Explora los talleres, participa activamente y no dudes en compartir tus ideas y preguntas. Estoy aqu\u00ed para apoyarte en cada paso de tu viaje de aprendizaje. \ud83c\udfaf\u00a0\u00a1Vamos a crear, administrar y aprender juntos en el mundo de Windows! \ud83e\udded\u00a0Gu\u00eda Completa de Comandos de la Consola de Windows: Funciones, Usos y Clasificaci\u00f3n por Categor\u00edas \ud83d\udcc1&nbsp;Gesti\u00f3n de archivos y directorios Comando Importancia Escenario recomendado cd Navegar entre carpetas Acceder a una carpeta espec\u00edfica para trabajar con sus archivos dir Ver contenido de una carpeta Confirmar&#8230; Leer m\u00e1s 8 julio 2025 Analizadores de red y Sniffers para Microsoft Windows y Linux \u00bfQu\u00e9 es un Sniffer? Un&nbsp;sniffer&nbsp;es una&nbsp;aplicaci\u00f3n&nbsp;especial para&nbsp;redes inform\u00e1ticas, que permite como tal capturar los paquetes que viajan por una red. Este es el concepto m\u00e1s sencillo que podemos dar al&#8230; Leer m\u00e1s 27 mayo 2020<\/p>\n","protected":false},"author":1,"featured_media":0,"parent":0,"menu_order":0,"comment_status":"closed","ping_status":"closed","template":"","meta":{"footnotes":""},"class_list":["post-2130","page","type-page","status-publish","hentry"],"_links":{"self":[{"href":"https:\/\/dsantana.uas.edu.mx\/index.php\/wp-json\/wp\/v2\/pages\/2130","targetHints":{"allow":["GET"]}}],"collection":[{"href":"https:\/\/dsantana.uas.edu.mx\/index.php\/wp-json\/wp\/v2\/pages"}],"about":[{"href":"https:\/\/dsantana.uas.edu.mx\/index.php\/wp-json\/wp\/v2\/types\/page"}],"author":[{"embeddable":true,"href":"https:\/\/dsantana.uas.edu.mx\/index.php\/wp-json\/wp\/v2\/users\/1"}],"replies":[{"embeddable":true,"href":"https:\/\/dsantana.uas.edu.mx\/index.php\/wp-json\/wp\/v2\/comments?post=2130"}],"version-history":[{"count":10,"href":"https:\/\/dsantana.uas.edu.mx\/index.php\/wp-json\/wp\/v2\/pages\/2130\/revisions"}],"predecessor-version":[{"id":2140,"href":"https:\/\/dsantana.uas.edu.mx\/index.php\/wp-json\/wp\/v2\/pages\/2130\/revisions\/2140"}],"wp:attachment":[{"href":"https:\/\/dsantana.uas.edu.mx\/index.php\/wp-json\/wp\/v2\/media?parent=2130"}],"curies":[{"name":"wp","href":"https:\/\/api.w.org\/{rel}","templated":true}]}}