{"id":83,"date":"2020-05-17T02:49:26","date_gmt":"2020-05-17T02:49:26","guid":{"rendered":"http:\/\/dsantana.uas.edu.mx\/?page_id=83"},"modified":"2025-02-21T15:00:02","modified_gmt":"2025-02-21T15:00:02","slug":"inicio-2","status":"publish","type":"page","link":"https:\/\/dsantana.uas.edu.mx\/","title":{"rendered":"Inicio"},"content":{"rendered":"\t\t<div data-elementor-type=\"wp-page\" data-elementor-id=\"83\" class=\"elementor elementor-83\">\n\t\t\t\t<div class=\"elementor-element elementor-element-57e15c1 e-flex e-con-boxed wpr-particle-no wpr-jarallax-no wpr-parallax-no wpr-sticky-section-no wpr-equal-height-no e-con e-parent\" data-id=\"57e15c1\" data-element_type=\"container\" data-e-type=\"container\">\n\t\t\t\t\t<div class=\"e-con-inner\">\n\t\t\t\t\t\t<div class=\"premium-shape-divider__shape-container\" id=\"premium-shape-divider-d832924\" style=\"visibility:hidden; position: absolute; opacity:0;\">\n\t\t\t\t\t<svg class= xmlns='http:\/\/www.w3.org\/2000\/svg' aria-hidden='true' viewBox='0 0 35.28 2.17' preserveAspectRatio='none'><path d='M35.28 1.16c-3.17-.8-7.3.4-10.04.56-2.76.17-9.25-1.47-12.68-1.3-3.42.16-4.64.84-7.04.86C3.12 1.31 0 .4 0 .4v1.77h35.28z' fill='%23fbd8c2'\/><\/svg>\t\t\t\t<\/div>\n\t\t\t<div class=\"elementor-element elementor-element-d832924 e-con-full premium-shape-divider-yes e-flex premium-shape-divider__default premium-shape22 premium-shape-divider-anime-yes wpr-particle-no wpr-jarallax-no wpr-parallax-no wpr-sticky-section-no wpr-equal-height-no elementor-invisible e-con e-child\" data-id=\"d832924\" data-element_type=\"container\" data-e-type=\"container\" data-settings=\"{&quot;animation&quot;:&quot;fadeInLeft&quot;}\">\n\t\t\t\t<div class=\"elementor-element elementor-element-ea3510c elementor-widget elementor-widget-eael-fancy-text\" data-id=\"ea3510c\" data-element_type=\"widget\" data-e-type=\"widget\" data-widget_type=\"eael-fancy-text.default\">\n\t\t\t\t<div class=\"elementor-widget-container\">\n\t\t\t\t\t\n\t<div  class=\"eael-fancy-text-container style-1\" data-fancy-text-id=\"ea3510c\" data-fancy-text=\"|a mi sitio web\" data-fancy-text-transition-type=\"typing\" data-fancy-text-speed=\"50\" data-fancy-text-delay=\"2500\" data-fancy-text-cursor=\"yes\" data-fancy-text-loop=\"yes\" data-fancy-text-action=\"page_load\" >\n\t\t\t\t\t<span class=\"eael-fancy-text-prefix\">\u00a1Bienvenido <\/span>\n\t\t\n\t\t\n\t\t\t\t\t<span id=\"eael-fancy-text-ea3510c\" class=\"eael-fancy-text-strings solid-color\">\n\t\t\t\t<noscript>\n\t\t\t\t\ta mi sitio web\t\t\t\t<\/noscript>\n\t\t\t<\/span>\n\t\t\n\t\t\t\t\t<span class=\"eael-fancy-text-suffix\"> acad\u00e9mico!<\/span>\n\t\t\t<\/div><!-- close .eael-fancy-text-container -->\n\n\t<div class=\"clearfix\"><\/div>\n\n\t\t\t\t\t<\/div>\n\t\t\t\t<\/div>\n\t\t\t\t<div class=\"elementor-element elementor-element-b2a4407 elementor-widget elementor-widget-text-editor\" data-id=\"b2a4407\" data-element_type=\"widget\" data-e-type=\"widget\" data-widget_type=\"text-editor.default\">\n\t\t\t\t<div class=\"elementor-widget-container\">\n\t\t\t\t\t\t\t\t\t<p>Es un honor recibirte en este espacio, dise\u00f1ado para compartir mi labor como docente, coordinador y promotor de la innovaci\u00f3n tecnol\u00f3gica y educativa en la <strong>Facultad de Inform\u00e1tica Mazatl\u00e1n<\/strong> <strong>(<a href=\"https:\/\/fimaz.uas.edu.mx\">FIMaz<\/a>)<\/strong> de la <strong>Universidad Aut\u00f3noma de Sinaloa<\/strong> <strong>(<a href=\"https:\/\/uas.edu.mx\">UAS<\/a>)<\/strong>.<\/p>\n<p>Mi compromiso radica en fortalecer la formaci\u00f3n acad\u00e9mica y profesional de los estudiantes, garantizando que cuenten con las herramientas necesarias para sobresalir en el mundo de las tecnolog\u00edas de la informaci\u00f3n. Como <strong>Coordinador de los Laboratorios de C\u00f3mputo y Red<\/strong>, trabajo en la implementaci\u00f3n y mantenimiento de infraestructura tecnol\u00f3gica avanzada, mientras que desde mi rol como <strong>Coordinador de Tecnolog\u00eda Educativa<\/strong> <a href=\"https:\/\/moodle.fimaz.uas.edu.mx\"><strong>(Moodle)<\/strong><\/a> impulso estrategias digitales que transformen los procesos de ense\u00f1anza-aprendizaje.<\/p>\n<p>Adem\u00e1s, como <strong>Coordinador de Educaci\u00f3n Continua<\/strong> y <strong>Coordinador de Diplomados<\/strong>, desarrollo programas formativos que promueven el aprendizaje a lo largo de la vida, brindando oportunidades de actualizaci\u00f3n profesional en \u00e1reas clave de la tecnolog\u00eda y la educaci\u00f3n. Tambi\u00e9n, en mi funci\u00f3n como <strong>Coordinador General del Congreso Internacional en Tecnolog\u00edas Inform\u00e1ticas y Sistemas (<a href=\"https:\/\/citis.fimaz.uas.edu.mx\">CITIS<\/a>)<\/strong>, lidero un espacio de intercambio acad\u00e9mico y profesional que re\u00fane a expertos en tecnolog\u00eda y sistemas.<\/p>\n<p>En este sitio encontrar\u00e1s informaci\u00f3n sobre mis proyectos, actividades acad\u00e9micas y recursos dise\u00f1ados para enriquecer el aprendizaje y la investigaci\u00f3n. Mi objetivo es fomentar un entorno de colaboraci\u00f3n y crecimiento donde las ideas y el conocimiento sean el motor del progreso.<\/p>\n<p>Gracias por visitar este espacio. Tu presencia es valiosa, y espero que encuentres contenido \u00fatil e inspirador para tus propios objetivos acad\u00e9micos y profesionales.<\/p>\n<p>\u00a0<\/p>\n<p><!-- \/wp:paragraph --><!-- wp:paragraph --><\/p>\n<p><!-- \/wp:paragraph --><\/p>\t\t\t\t\t\t\t\t<\/div>\n\t\t\t\t<\/div>\n\t\t\t\t<\/div>\n\t\t\t\t\t\t<div class=\"premium-shape-divider__shape-container\" id=\"premium-shape-divider-a2dbcd3\" style=\"visibility:hidden; position: absolute; opacity:0;\">\n\t\t\t\t\t<svg class= xmlns='http:\/\/www.w3.org\/2000\/svg' aria-hidden='true' viewBox='0 0 35.28 2.17' preserveAspectRatio='none'><path d='M35.28 1.16c-3.17-.8-7.3.4-10.04.56-2.76.17-9.25-1.47-12.68-1.3-3.42.16-4.64.84-7.04.86C3.12 1.31 0 .4 0 .4v1.77h35.28z' fill='%23fbd8c2'\/><\/svg>\t\t\t\t<\/div>\n\t\t\t<div class=\"elementor-element elementor-element-a2dbcd3 e-con-full premium-shape-divider-yes e-flex premium-shape-divider__default premium-shape22 premium-shape-divider-anime-yes wpr-particle-no wpr-jarallax-no wpr-parallax-no wpr-sticky-section-no wpr-equal-height-no elementor-invisible e-con e-child\" data-id=\"a2dbcd3\" data-element_type=\"container\" data-e-type=\"container\" data-settings=\"{&quot;animation&quot;:&quot;fadeInRight&quot;}\">\n\t\t\t\t<div class=\"elementor-element elementor-element-2c0aa99 elementor-widget elementor-widget-elementskit-team\" data-id=\"2c0aa99\" data-element_type=\"widget\" data-e-type=\"widget\" data-widget_type=\"elementskit-team.default\">\n\t\t\t\t<div class=\"elementor-widget-container\">\n\t\t\t\t\t<div class=\"ekit-wid-con\">\t\t\t\t\t\t\t\t\n\t\t<div class=\"profile-card elementor-animation- text-center ekit-team-style-default\">\n\t\t\t\t\t\t\t<a aria-label=\"profile\" href=\"javascript:void(0)\" data-mfp-src=\"#ekit_team_modal_2c0aa99_83\" class=\"ekit-team-popup\">\n\t\t\t\n\t\t\t\t<div class=\"profile-header ekit-team-img ekit-img-overlay ekit-team-img-block\"  data-toggle=\"modal\" data-target=\"ekit_team_modal_#2c0aa99_83\" >\n\t\t\t\t\t<img fetchpriority=\"high\" decoding=\"async\" width=\"524\" height=\"516\" src=\"https:\/\/dsantana.uas.edu.mx\/wp-content\/uploads\/2021\/03\/Captura.png\" class=\"attachment-large size-large wp-image-477\" alt=\"\" \/>\t\t\t\t<\/div><!-- .profile-header END -->\n\t\t\t\t\t\t\t<\/a>\n\t\t\t\n\n\t\t\t\t<div class=\"profile-body\">\n\t\t\t\t\t\n\t\t\t\t\t<h2 class=\"profile-title\">\n\t\t\t\t\t\t\t\t\t\t\t<a aria-label=\"profile\" href=\"javascript:void(0)\" data-mfp-src=\"#ekit_team_modal_2c0aa99_83\" class=\"ekit-team-popup\">\n\t\t\t\t\t\tM.C. Jos\u00e9 David Santana Alaniz\t\t\t\t\t\t<\/a>\n\t\t\t\t\t\t\t\t\t\t\t<\/h2>\n\t\t\t\t\t<p class=\"profile-designation\">Maestro de Asignatura<\/p>\n\t\t\t\t\t\t\t\t\t\t<p class=\"profile-content\">Coordinador de Laboratorios de C\u00f3mputo, Red, Tecnolog\u00eda Educativa, Educaci\u00f3n Continua y Diplomados.\n<\/p>\n\t\t\t\t\t\t\t\t\t<\/div><!-- .profile-body END -->\n\n\t\t\t\t\t\t\t\t\t<div class=\"profile-footer\">\n\t\t\t\t\t\t<ul class=\"ekit-team-social-list\">\n\t\t\t<li class=\"elementor-repeater-item-ee427da\">\n\t\t\t<a href=\"https:\/\/orcid.org\/0009-0004-0242-8235\" aria-label=\"ORCID\">\n\t\t\t\t<svg aria-hidden=\"true\" class=\"e-font-icon-svg e-fab-orcid\" viewBox=\"0 0 512 512\" xmlns=\"http:\/\/www.w3.org\/2000\/svg\"><path d=\"M294.75 188.19h-45.92V342h47.47c67.62 0 83.12-51.34 83.12-76.91 0-41.64-26.54-76.9-84.67-76.9zM256 8C119 8 8 119 8 256s111 248 248 248 248-111 248-248S393 8 256 8zm-80.79 360.76h-29.84v-207.5h29.84zm-14.92-231.14a19.57 19.57 0 1 1 19.57-19.57 19.64 19.64 0 0 1-19.57 19.57zM300 369h-81V161.26h80.6c76.73 0 110.44 54.83 110.44 103.85C410 318.39 368.38 369 300 369z\"><\/path><\/svg>\t\t\t<\/a>\n\t\t<\/li>\n\t\t\t<li class=\"elementor-repeater-item-0cc98ea\">\n\t\t\t<a href=\"https:\/\/scholar.google.com\/citations?user=ke4-LrQAAAAJ&#038;hl=es&#038;authuser=1\" aria-label=\"Google Acad\u00e9mico\">\n\t\t\t\t<svg aria-hidden=\"true\" class=\"e-font-icon-svg e-fab-orcid\" viewBox=\"0 0 512 512\" xmlns=\"http:\/\/www.w3.org\/2000\/svg\"><path d=\"M294.75 188.19h-45.92V342h47.47c67.62 0 83.12-51.34 83.12-76.91 0-41.64-26.54-76.9-84.67-76.9zM256 8C119 8 8 119 8 256s111 248 248 248 248-111 248-248S393 8 256 8zm-80.79 360.76h-29.84v-207.5h29.84zm-14.92-231.14a19.57 19.57 0 1 1 19.57-19.57 19.64 19.64 0 0 1-19.57 19.57zM300 369h-81V161.26h80.6c76.73 0 110.44 54.83 110.44 103.85C410 318.39 368.38 369 300 369z\"><\/path><\/svg>\t\t\t<\/a>\n\t\t<\/li>\n\t\t\t<li class=\"elementor-repeater-item-43c6144\">\n\t\t\t<a href=\"https:\/\/www.researchgate.net\/profile\/Jose-David-Santana-Alaniz\" aria-label=\"ResearchGate\">\n\t\t\t\t<svg aria-hidden=\"true\" class=\"e-font-icon-svg e-fab-researchgate\" viewBox=\"0 0 448 512\" xmlns=\"http:\/\/www.w3.org\/2000\/svg\"><path d=\"M0 32v448h448V32H0zm262.2 334.4c-6.6 3-33.2 6-50-14.2-9.2-10.6-25.3-33.3-42.2-63.6-8.9 0-14.7 0-21.4-.6v46.4c0 23.5 6 21.2 25.8 23.9v8.1c-6.9-.3-23.1-.8-35.6-.8-13.1 0-26.1.6-33.6.8v-8.1c15.5-2.9 22-1.3 22-23.9V225c0-22.6-6.4-21-22-23.9V193c25.8 1 53.1-.6 70.9-.6 31.7 0 55.9 14.4 55.9 45.6 0 21.1-16.7 42.2-39.2 47.5 13.6 24.2 30 45.6 42.2 58.9 7.2 7.8 17.2 14.7 27.2 14.7v7.3zm22.9-135c-23.3 0-32.2-15.7-32.2-32.2V167c0-12.2 8.8-30.4 34-30.4s30.4 17.9 30.4 17.9l-10.7 7.2s-5.5-12.5-19.7-12.5c-7.9 0-19.7 7.3-19.7 19.7v26.8c0 13.4 6.6 23.3 17.9 23.3 14.1 0 21.5-10.9 21.5-26.8h-17.9v-10.7h30.4c0 20.5 4.7 49.9-34 49.9zm-116.5 44.7c-9.4 0-13.6-.3-20-.8v-69.7c6.4-.6 15-.6 22.5-.6 23.3 0 37.2 12.2 37.2 34.5 0 21.9-15 36.6-39.7 36.6z\"><\/path><\/svg>\t\t\t<\/a>\n\t\t<\/li>\n\t\t\t<li class=\"elementor-repeater-item-68ae1ff\">\n\t\t\t<a href=\"https:\/\/facebook.com\/santanaalaniz\" aria-label=\"Facebook\">\n\t\t\t\t<i aria-hidden=\"true\" class=\"icon icon-facebook\"><\/i>\t\t\t<\/a>\n\t\t<\/li>\n\t\t\t<li class=\"elementor-repeater-item-187f5ce\">\n\t\t\t<a href=\"https:\/\/www.youtube.com\/santanaalaniz\" aria-label=\"YouTube\">\n\t\t\t\t<svg aria-hidden=\"true\" class=\"e-font-icon-svg e-fab-youtube\" viewBox=\"0 0 576 512\" xmlns=\"http:\/\/www.w3.org\/2000\/svg\"><path d=\"M549.655 124.083c-6.281-23.65-24.787-42.276-48.284-48.597C458.781 64 288 64 288 64S117.22 64 74.629 75.486c-23.497 6.322-42.003 24.947-48.284 48.597-11.412 42.867-11.412 132.305-11.412 132.305s0 89.438 11.412 132.305c6.281 23.65 24.787 41.5 48.284 47.821C117.22 448 288 448 288 448s170.78 0 213.371-11.486c23.497-6.321 42.003-24.171 48.284-47.821 11.412-42.867 11.412-132.305 11.412-132.305s0-89.438-11.412-132.305zm-317.51 213.508V175.185l142.739 81.205-142.739 81.201z\"><\/path><\/svg>\t\t\t<\/a>\n\t\t<\/li>\n\t\t\t<li class=\"elementor-repeater-item-5c770a0\">\n\t\t\t<a href=\"https:\/\/www.linkedin.com\/in\/santanaalaniz\/\" aria-label=\"LinkedIn\">\n\t\t\t\t<svg aria-hidden=\"true\" class=\"e-font-icon-svg e-fab-linkedin\" viewBox=\"0 0 448 512\" xmlns=\"http:\/\/www.w3.org\/2000\/svg\"><path d=\"M416 32H31.9C14.3 32 0 46.5 0 64.3v383.4C0 465.5 14.3 480 31.9 480H416c17.6 0 32-14.5 32-32.3V64.3c0-17.8-14.4-32.3-32-32.3zM135.4 416H69V202.2h66.5V416zm-33.2-243c-21.3 0-38.5-17.3-38.5-38.5S80.9 96 102.2 96c21.2 0 38.5 17.3 38.5 38.5 0 21.3-17.2 38.5-38.5 38.5zm282.1 243h-66.4V312c0-24.8-.5-56.7-34.5-56.7-34.6 0-39.9 27-39.9 54.9V416h-66.4V202.2h63.7v29.2h.9c8.9-16.8 30.6-34.5 62.9-34.5 67.2 0 79.7 44.3 79.7 101.9V416z\"><\/path><\/svg>\t\t\t<\/a>\n\t\t<\/li>\n\t\t\t<li class=\"elementor-repeater-item-420c6f0\">\n\t\t\t<a href=\"https:\/\/x.com\/santanaalaniz\" aria-label=\"Twitter\">\n\t\t\t\t<svg aria-hidden=\"true\" class=\"e-font-icon-svg e-fab-x-twitter\" viewBox=\"0 0 512 512\" xmlns=\"http:\/\/www.w3.org\/2000\/svg\"><path d=\"M389.2 48h70.6L305.6 224.2 487 464H345L233.7 318.6 106.5 464H35.8L200.7 275.5 26.8 48H172.4L272.9 180.9 389.2 48zM364.4 421.8h39.1L151.1 88h-42L364.4 421.8z\"><\/path><\/svg>\t\t\t<\/a>\n\t\t<\/li>\n\t<\/ul>\n\t\t\t\t\t<\/div>\n\t\t\t\t\t\t\t\t\t<\/div>\n\t\t\t\t\t\t\t\n\t\t\t\n\t\t\t\t\t<div class=\"zoom-anim-dialog mfp-hide elementskit-team-popup team-popup-id-2c0aa99\" id=\"ekit_team_modal_2c0aa99_83\" tabindex=\"-1\" role=\"dialog\" aria-modal=\"true\">\n\t\t\t\t<div class=\"modal-dialog modal-dialog-centered\" role=\"document\">\n\t\t\t\t\t<div class=\"modal-content\">\n\t\t\t\t\t\t<button type=\"button\" class=\"ekit-team-modal-close\">\n\t\t\t\t\t\t\t<svg aria-hidden=\"true\" class=\"e-font-icon-svg e-fas-times\" viewBox=\"0 0 352 512\" xmlns=\"http:\/\/www.w3.org\/2000\/svg\"><path d=\"M242.72 256l100.07-100.07c12.28-12.28 12.28-32.19 0-44.48l-22.24-22.24c-12.28-12.28-32.19-12.28-44.48 0L176 189.28 75.93 89.21c-12.28-12.28-32.19-12.28-44.48 0L9.21 111.45c-12.28 12.28-12.28 32.19 0 44.48L109.28 256 9.21 356.07c-12.28 12.28-12.28 32.19 0 44.48l22.24 22.24c12.28 12.28 32.2 12.28 44.48 0L176 322.72l100.07 100.07c12.28 12.28 32.2 12.28 44.48 0l22.24-22.24c12.28-12.28 12.28-32.19 0-44.48L242.72 256z\"><\/path><\/svg>\t\t\t\t\t\t<\/button>\n\n\t\t\t\t\t\t<div class=\"modal-body\">\n\t\t\t\t\t\t\t\t\t\t\t\t\t\t\t<div class=\"ekit-team-modal-img\">\n\t\t\t\t\t\t\t\t\t<img fetchpriority=\"high\" decoding=\"async\" width=\"524\" height=\"516\" src=\"https:\/\/dsantana.uas.edu.mx\/wp-content\/uploads\/2021\/03\/Captura.png\" class=\"attachment-large size-large wp-image-477\" alt=\"\" \/>\t\t\t\t\t\t\t\t<\/div>\n\t\t\t\t\t\t\t\n\t\t\t\t\t\t\t<div class=\"ekit-team-modal-info has-img\">\n\t\t\t\t\t\t\t\t<h2 class=\"ekit-team-modal-title\">M.C. Jos\u00e9 David Santana Alaniz<\/h2>\n\t\t\t\t\t\t\t\t<p class=\"ekit-team-modal-position\">Maestro de Asignatura<\/p>\n\n\t\t\t\t\t\t\t\t<div class=\"ekit-team-modal-content\">\n\t\t\t\t\t\t\t\t\tProfesor de Asignatura de la Facultad de Inform\u00e1tica Mazatl\u00e1n, Coordinador de Laboratorios de C\u00f3mputo, Red, Tecnolog\u00eda Educativa, Educaci\u00f3n Continua y Diplomados. Miembro de la Red de Investigadores Cient\u00edficos de Am\u00e9rica Latina y el Caribe (Red ICALC), DevOps Engineer.\t\t\t\t\t\t\t\t<\/div>\n\n\t\t\t\t\t\t\t\t\t\t\t\t\t\t\t\t\t<ul class=\"ekit-team-modal-list\">\n\t\t\t\t\t\t\t\t\t\t\t\t\t\t\t\t\t\t\t\t\t<li><strong>Tel\u00e9fono:<\/strong><a href=\"tel:+52 669 154 8890\">+52 669 154 8890<\/a><\/li>\n\t\t\t\t\t\t\t\t\t\t\n\t\t\t\t\t\t\t\t\t\t\t\t\t\t\t\t\t\t\t\t\t<li><strong>Correo electr\u00f3nico:<\/strong><a href=\"mailto:dsantana@uas.edu.mx\">dsantana@uas.edu.mx<\/a><\/li>\n\t\t\t\t\t\t\t\t\t\t\t\t\t\t\t\t\t\t\t<\/ul>\n\t\t\t\t\t\t\t\t\n\t\t\t\t\t\t\t\t<ul class=\"ekit-team-social-list\">\n\t\t\t<li class=\"elementor-repeater-item-ee427da\">\n\t\t\t<a href=\"https:\/\/orcid.org\/0009-0004-0242-8235\" aria-label=\"ORCID\">\n\t\t\t\t<svg aria-hidden=\"true\" class=\"e-font-icon-svg e-fab-orcid\" viewBox=\"0 0 512 512\" xmlns=\"http:\/\/www.w3.org\/2000\/svg\"><path d=\"M294.75 188.19h-45.92V342h47.47c67.62 0 83.12-51.34 83.12-76.91 0-41.64-26.54-76.9-84.67-76.9zM256 8C119 8 8 119 8 256s111 248 248 248 248-111 248-248S393 8 256 8zm-80.79 360.76h-29.84v-207.5h29.84zm-14.92-231.14a19.57 19.57 0 1 1 19.57-19.57 19.64 19.64 0 0 1-19.57 19.57zM300 369h-81V161.26h80.6c76.73 0 110.44 54.83 110.44 103.85C410 318.39 368.38 369 300 369z\"><\/path><\/svg>\t\t\t<\/a>\n\t\t<\/li>\n\t\t\t<li class=\"elementor-repeater-item-0cc98ea\">\n\t\t\t<a href=\"https:\/\/scholar.google.com\/citations?user=ke4-LrQAAAAJ&#038;hl=es&#038;authuser=1\" aria-label=\"Google Acad\u00e9mico\">\n\t\t\t\t<svg aria-hidden=\"true\" class=\"e-font-icon-svg e-fab-orcid\" viewBox=\"0 0 512 512\" xmlns=\"http:\/\/www.w3.org\/2000\/svg\"><path d=\"M294.75 188.19h-45.92V342h47.47c67.62 0 83.12-51.34 83.12-76.91 0-41.64-26.54-76.9-84.67-76.9zM256 8C119 8 8 119 8 256s111 248 248 248 248-111 248-248S393 8 256 8zm-80.79 360.76h-29.84v-207.5h29.84zm-14.92-231.14a19.57 19.57 0 1 1 19.57-19.57 19.64 19.64 0 0 1-19.57 19.57zM300 369h-81V161.26h80.6c76.73 0 110.44 54.83 110.44 103.85C410 318.39 368.38 369 300 369z\"><\/path><\/svg>\t\t\t<\/a>\n\t\t<\/li>\n\t\t\t<li class=\"elementor-repeater-item-43c6144\">\n\t\t\t<a href=\"https:\/\/www.researchgate.net\/profile\/Jose-David-Santana-Alaniz\" aria-label=\"ResearchGate\">\n\t\t\t\t<svg aria-hidden=\"true\" class=\"e-font-icon-svg e-fab-researchgate\" viewBox=\"0 0 448 512\" xmlns=\"http:\/\/www.w3.org\/2000\/svg\"><path d=\"M0 32v448h448V32H0zm262.2 334.4c-6.6 3-33.2 6-50-14.2-9.2-10.6-25.3-33.3-42.2-63.6-8.9 0-14.7 0-21.4-.6v46.4c0 23.5 6 21.2 25.8 23.9v8.1c-6.9-.3-23.1-.8-35.6-.8-13.1 0-26.1.6-33.6.8v-8.1c15.5-2.9 22-1.3 22-23.9V225c0-22.6-6.4-21-22-23.9V193c25.8 1 53.1-.6 70.9-.6 31.7 0 55.9 14.4 55.9 45.6 0 21.1-16.7 42.2-39.2 47.5 13.6 24.2 30 45.6 42.2 58.9 7.2 7.8 17.2 14.7 27.2 14.7v7.3zm22.9-135c-23.3 0-32.2-15.7-32.2-32.2V167c0-12.2 8.8-30.4 34-30.4s30.4 17.9 30.4 17.9l-10.7 7.2s-5.5-12.5-19.7-12.5c-7.9 0-19.7 7.3-19.7 19.7v26.8c0 13.4 6.6 23.3 17.9 23.3 14.1 0 21.5-10.9 21.5-26.8h-17.9v-10.7h30.4c0 20.5 4.7 49.9-34 49.9zm-116.5 44.7c-9.4 0-13.6-.3-20-.8v-69.7c6.4-.6 15-.6 22.5-.6 23.3 0 37.2 12.2 37.2 34.5 0 21.9-15 36.6-39.7 36.6z\"><\/path><\/svg>\t\t\t<\/a>\n\t\t<\/li>\n\t\t\t<li class=\"elementor-repeater-item-68ae1ff\">\n\t\t\t<a href=\"https:\/\/facebook.com\/santanaalaniz\" aria-label=\"Facebook\">\n\t\t\t\t<i aria-hidden=\"true\" class=\"icon icon-facebook\"><\/i>\t\t\t<\/a>\n\t\t<\/li>\n\t\t\t<li class=\"elementor-repeater-item-187f5ce\">\n\t\t\t<a href=\"https:\/\/www.youtube.com\/santanaalaniz\" aria-label=\"YouTube\">\n\t\t\t\t<svg aria-hidden=\"true\" class=\"e-font-icon-svg e-fab-youtube\" viewBox=\"0 0 576 512\" xmlns=\"http:\/\/www.w3.org\/2000\/svg\"><path d=\"M549.655 124.083c-6.281-23.65-24.787-42.276-48.284-48.597C458.781 64 288 64 288 64S117.22 64 74.629 75.486c-23.497 6.322-42.003 24.947-48.284 48.597-11.412 42.867-11.412 132.305-11.412 132.305s0 89.438 11.412 132.305c6.281 23.65 24.787 41.5 48.284 47.821C117.22 448 288 448 288 448s170.78 0 213.371-11.486c23.497-6.321 42.003-24.171 48.284-47.821 11.412-42.867 11.412-132.305 11.412-132.305s0-89.438-11.412-132.305zm-317.51 213.508V175.185l142.739 81.205-142.739 81.201z\"><\/path><\/svg>\t\t\t<\/a>\n\t\t<\/li>\n\t\t\t<li class=\"elementor-repeater-item-5c770a0\">\n\t\t\t<a href=\"https:\/\/www.linkedin.com\/in\/santanaalaniz\/\" aria-label=\"LinkedIn\">\n\t\t\t\t<svg aria-hidden=\"true\" class=\"e-font-icon-svg e-fab-linkedin\" viewBox=\"0 0 448 512\" xmlns=\"http:\/\/www.w3.org\/2000\/svg\"><path d=\"M416 32H31.9C14.3 32 0 46.5 0 64.3v383.4C0 465.5 14.3 480 31.9 480H416c17.6 0 32-14.5 32-32.3V64.3c0-17.8-14.4-32.3-32-32.3zM135.4 416H69V202.2h66.5V416zm-33.2-243c-21.3 0-38.5-17.3-38.5-38.5S80.9 96 102.2 96c21.2 0 38.5 17.3 38.5 38.5 0 21.3-17.2 38.5-38.5 38.5zm282.1 243h-66.4V312c0-24.8-.5-56.7-34.5-56.7-34.6 0-39.9 27-39.9 54.9V416h-66.4V202.2h63.7v29.2h.9c8.9-16.8 30.6-34.5 62.9-34.5 67.2 0 79.7 44.3 79.7 101.9V416z\"><\/path><\/svg>\t\t\t<\/a>\n\t\t<\/li>\n\t\t\t<li class=\"elementor-repeater-item-420c6f0\">\n\t\t\t<a href=\"https:\/\/x.com\/santanaalaniz\" aria-label=\"Twitter\">\n\t\t\t\t<svg aria-hidden=\"true\" class=\"e-font-icon-svg e-fab-x-twitter\" viewBox=\"0 0 512 512\" xmlns=\"http:\/\/www.w3.org\/2000\/svg\"><path d=\"M389.2 48h70.6L305.6 224.2 487 464H345L233.7 318.6 106.5 464H35.8L200.7 275.5 26.8 48H172.4L272.9 180.9 389.2 48zM364.4 421.8h39.1L151.1 88h-42L364.4 421.8z\"><\/path><\/svg>\t\t\t<\/a>\n\t\t<\/li>\n\t<\/ul>\n\t\t\t\t\t\t\t<\/div>\n\t\t\t\t\t\t<\/div>\n\t\t\t\t\t<\/div>\n\t\t\t\t<\/div>\n\t\t\t<\/div>\n\t\t\t\t<\/div>\t\t\t\t<\/div>\n\t\t\t\t<\/div>\n\t\t\t\t<\/div>\n\t\t\t\t\t<\/div>\n\t\t\t\t<\/div>\n\t\t\t\t<\/div>\n\t\t","protected":false},"excerpt":{"rendered":"<p>\u00a1Bienvenido a mi sitio web acad\u00e9mico! Es un honor recibirte en este espacio, dise\u00f1ado para compartir mi labor como docente, coordinador y promotor de la innovaci\u00f3n tecnol\u00f3gica y educativa en la Facultad de Inform\u00e1tica Mazatl\u00e1n (FIMaz) de la Universidad Aut\u00f3noma de Sinaloa (UAS). Mi compromiso radica en fortalecer la formaci\u00f3n acad\u00e9mica y profesional de los estudiantes, garantizando que cuenten con las herramientas necesarias para sobresalir en el mundo de las tecnolog\u00edas de la informaci\u00f3n. Como Coordinador de los Laboratorios de C\u00f3mputo y Red, trabajo en la implementaci\u00f3n y mantenimiento de infraestructura tecnol\u00f3gica avanzada, mientras que desde mi rol como Coordinador de Tecnolog\u00eda Educativa (Moodle) impulso estrategias digitales que transformen los procesos de ense\u00f1anza-aprendizaje. Adem\u00e1s, como Coordinador de Educaci\u00f3n Continua y Coordinador de Diplomados, desarrollo programas formativos que promueven el aprendizaje a lo largo de la vida, brindando oportunidades de actualizaci\u00f3n profesional en \u00e1reas clave de la tecnolog\u00eda y la educaci\u00f3n. Tambi\u00e9n, en mi funci\u00f3n como Coordinador General del Congreso Internacional en Tecnolog\u00edas Inform\u00e1ticas y Sistemas (CITIS), lidero un espacio de intercambio acad\u00e9mico y profesional que re\u00fane a expertos en tecnolog\u00eda y sistemas. En este sitio encontrar\u00e1s informaci\u00f3n sobre mis proyectos, actividades acad\u00e9micas y recursos dise\u00f1ados para enriquecer el aprendizaje y la investigaci\u00f3n. Mi objetivo es fomentar un entorno de colaboraci\u00f3n y crecimiento donde las ideas y el conocimiento sean el motor del progreso. Gracias por visitar este espacio. Tu presencia es valiosa, y espero que encuentres contenido \u00fatil e inspirador para tus propios objetivos acad\u00e9micos y profesionales. \u00a0 M.C. Jos\u00e9 David Santana Alaniz Maestro de Asignatura Coordinador de Laboratorios de C\u00f3mputo, Red, Tecnolog\u00eda Educativa, Educaci\u00f3n Continua y Diplomados. M.C. Jos\u00e9 David Santana Alaniz Maestro de Asignatura Profesor de Asignatura de la Facultad de Inform\u00e1tica Mazatl\u00e1n, Coordinador de Laboratorios de C\u00f3mputo, Red, Tecnolog\u00eda Educativa, Educaci\u00f3n Continua y Diplomados. Miembro de la Red de Investigadores Cient\u00edficos de Am\u00e9rica Latina y el Caribe (Red ICALC), DevOps Engineer. Tel\u00e9fono:+52 669 154 8890 Correo electr\u00f3nico:dsantana@uas.edu.mx<\/p>\n","protected":false},"author":1,"featured_media":0,"parent":0,"menu_order":0,"comment_status":"closed","ping_status":"closed","template":"","meta":{"footnotes":""},"class_list":["post-83","page","type-page","status-publish","hentry"],"_links":{"self":[{"href":"https:\/\/dsantana.uas.edu.mx\/index.php\/wp-json\/wp\/v2\/pages\/83","targetHints":{"allow":["GET"]}}],"collection":[{"href":"https:\/\/dsantana.uas.edu.mx\/index.php\/wp-json\/wp\/v2\/pages"}],"about":[{"href":"https:\/\/dsantana.uas.edu.mx\/index.php\/wp-json\/wp\/v2\/types\/page"}],"author":[{"embeddable":true,"href":"https:\/\/dsantana.uas.edu.mx\/index.php\/wp-json\/wp\/v2\/users\/1"}],"replies":[{"embeddable":true,"href":"https:\/\/dsantana.uas.edu.mx\/index.php\/wp-json\/wp\/v2\/comments?post=83"}],"version-history":[{"count":160,"href":"https:\/\/dsantana.uas.edu.mx\/index.php\/wp-json\/wp\/v2\/pages\/83\/revisions"}],"predecessor-version":[{"id":2033,"href":"https:\/\/dsantana.uas.edu.mx\/index.php\/wp-json\/wp\/v2\/pages\/83\/revisions\/2033"}],"wp:attachment":[{"href":"https:\/\/dsantana.uas.edu.mx\/index.php\/wp-json\/wp\/v2\/media?parent=83"}],"curies":[{"name":"wp","href":"https:\/\/api.w.org\/{rel}","templated":true}]}}